{"id":635,"date":"2018-07-29T16:40:20","date_gmt":"2018-07-29T14:40:20","guid":{"rendered":"http:\/\/www.stammer.nl\/wordpress\/?page_id=635"},"modified":"2019-12-22T19:42:56","modified_gmt":"2019-12-22T18:42:56","slug":"acerca-de","status":"publish","type":"page","link":"https:\/\/www.stammer.nl\/wordpress\/es\/acerca-de\/","title":{"rendered":"acerca de"},"content":{"rendered":"<div id=\"attachment_561\" style=\"width: 510px\" class=\"wp-caption alignleft\"><a href=\"http:\/\/www.stammer.nl\/wordpress\/wp-content\/uploads\/2018\/07\/210_1052_caravan-in-Pyrenees_es.jpg\" data-rel=\"lightbox-gallery-s7qKgnsz\" data-magnific_type=\"image\" data-rl_title=\"En los primeros a\u00f1os vivimos en esta caravana. Monte Perdido (3355m) al fondo. 9 de diciembre, 2012.\" data-rl_caption=\"\" title=\"En los primeros a\u00f1os vivimos en esta caravana. Monte Perdido (3355m) al fondo. 9 de diciembre, 2012.\"><img aria-describedby=\"caption-attachment-561\" decoding=\"async\" loading=\"lazy\" class=\" wp-image-561\" src=\"http:\/\/www.stammer.nl\/wordpress\/wp-content\/uploads\/2018\/07\/210_1052_caravan-in-Pyrenees_es-300x159.jpg\" alt=\"\" width=\"500\" height=\"265\" srcset=\"https:\/\/www.stammer.nl\/wordpress\/wp-content\/uploads\/2018\/07\/210_1052_caravan-in-Pyrenees_es-300x159.jpg 300w, https:\/\/www.stammer.nl\/wordpress\/wp-content\/uploads\/2018\/07\/210_1052_caravan-in-Pyrenees_es-768x408.jpg 768w, https:\/\/www.stammer.nl\/wordpress\/wp-content\/uploads\/2018\/07\/210_1052_caravan-in-Pyrenees_es-1024x544.jpg 1024w, https:\/\/www.stammer.nl\/wordpress\/wp-content\/uploads\/2018\/07\/210_1052_caravan-in-Pyrenees_es.jpg 1176w\" sizes=\"(max-width: 500px) 100vw, 500px\" \/><\/a><p id=\"caption-attachment-561\" class=\"wp-caption-text\">En los primeros a\u00f1os vivimos en esta caravana. Monte Perdido (3355m) al fondo. 9 de diciembre, 2012<\/p><\/div>\n<p>En 2006 consegu\u00ed un precioso trozo de tierra de 1,2 hect\u00e1rea en los Pirineos Espa\u00f1oles \u00a0y desde entonces he mantenido y desarrollado este lugar, haciendo un hogar sostenible para m\u00ed mismo y para centenares de plantas y miles de animales. En diferentes fases constru\u00ed mi propia casa con balas de paja y arcilla, instal\u00e9 unos estanques para la filtraci\u00f3n de aguas grises y mont\u00e9 un invernadero solar y un aseo de compost. El mantenimiento del terreno consiste principalmente de segar la vegetaci\u00f3n de los prados con una guada\u00f1a y podar o eliminar el crecimiento excesivo de \u00e1rboles y arbustos.<\/p>\n<div id=\"attachment_1081\" style=\"width: 310px\" class=\"wp-caption alignright\"><a href=\"http:\/\/www.stammer.nl\/wordpress\/wp-content\/uploads\/2019\/12\/1100_0790_ebro-als-slim-object1.jpg\" data-rel=\"lightbox-gallery-s7qKgnsz\" data-magnific_type=\"image\" data-rl_title=\"Este estanque se instal\u00f3 en el centro de la zona en 2007. Noviembre 2012\" data-rl_caption=\"\" title=\"Este estanque se instal\u00f3 en el centro de la zona en 2007. Noviembre 2012\"><img aria-describedby=\"caption-attachment-1081\" decoding=\"async\" loading=\"lazy\" class=\"size-medium wp-image-1081\" src=\"http:\/\/www.stammer.nl\/wordpress\/wp-content\/uploads\/2019\/12\/1100_0790_ebro-als-slim-object1-300x200.jpg\" alt=\"\" width=\"300\" height=\"200\" srcset=\"https:\/\/www.stammer.nl\/wordpress\/wp-content\/uploads\/2019\/12\/1100_0790_ebro-als-slim-object1-300x200.jpg 300w, https:\/\/www.stammer.nl\/wordpress\/wp-content\/uploads\/2019\/12\/1100_0790_ebro-als-slim-object1-768x512.jpg 768w, https:\/\/www.stammer.nl\/wordpress\/wp-content\/uploads\/2019\/12\/1100_0790_ebro-als-slim-object1.jpg 944w\" sizes=\"(max-width: 300px) 100vw, 300px\" \/><\/a><p id=\"caption-attachment-1081\" class=\"wp-caption-text\">Este estanque se instal\u00f3 en el centro de la zona en 2007. Noviembre 2012<\/p><\/div>\n<p>Despu\u00e9s de m\u00e1s de 10 a\u00f1os los resultados son positivos y en algunos aspectos espectaculares. Resulta posible vivir una vida simple, de low-cost, sostenible y confortable y a la vez estimular y enriquecer la flora y la fauna en el terreno.<\/p>\n<p>Este blog es un intento de dar un impresi\u00f3n de este proceso despu\u00e9s de una experiencia de m\u00e1s de una d\u00e9cada. El blog anterior, que todav\u00eda se puede visitar aqu\u00ed, estaba m\u00e1s enfocado en los acontecimientos de cada d\u00eda mientras aqu\u00ed el enfoque ser\u00e1 m\u00e1s en unos temas m\u00e1s espec\u00edficos y su desarrollo a lo largo de los a\u00f1os.<\/p>\n<p>Mi propio desarrollo empez\u00f3 hace m\u00e1s de un medio siglo en Holanda donde nac\u00ed en un peque\u00f1o pueblo cerca de Amsterdam. Como estudiante de agricultura vine a Espa\u00f1a en los a\u00f1os 80 y desde entonces, encantado por el pa\u00eds y su gente, me he quedado aqu\u00ed, primero en la ciudad de Zaragoza para luego moverme definitivamente a la monta\u00f1a alrededor de 2012. \u00a0Aparte de mi inter\u00e9s por la ecolog\u00eda y la sostenibilidad me gusta mucho la <a href=\"http:\/\/www.stammer.nl\/stammer_photo_galleries.html\">fotograf\u00eda<\/a> y <a href=\"http:\/\/www.stammer.nl\/stammer_music_cds.html\">tocar<\/a> mis sintetizadores.<\/p>\n<p>Andreas.<\/p>\n<div id=\"attachment_1076\" style=\"width: 310px\" class=\"wp-caption alignleft\"><a href=\"http:\/\/www.stammer.nl\/wordpress\/wp-content\/uploads\/2019\/12\/dji_0021.jpg\" data-rel=\"lightbox-gallery-s7qKgnsz\" data-magnific_type=\"image\" data-rl_title=\"Junio 2018. Vista de dron con el terreno del proyecto a la derecha.\" data-rl_caption=\"\" title=\"Junio 2018. Vista de dron con el terreno del proyecto a la derecha.\"><img aria-describedby=\"caption-attachment-1076\" decoding=\"async\" loading=\"lazy\" class=\"wp-image-1076 size-medium\" src=\"http:\/\/www.stammer.nl\/wordpress\/wp-content\/uploads\/2019\/12\/dji_0021-300x212.jpg\" alt=\"\" width=\"300\" height=\"212\" srcset=\"https:\/\/www.stammer.nl\/wordpress\/wp-content\/uploads\/2019\/12\/dji_0021-300x212.jpg 300w, https:\/\/www.stammer.nl\/wordpress\/wp-content\/uploads\/2019\/12\/dji_0021-768x542.jpg 768w, https:\/\/www.stammer.nl\/wordpress\/wp-content\/uploads\/2019\/12\/dji_0021.jpg 884w\" sizes=\"(max-width: 300px) 100vw, 300px\" \/><\/a><p id=\"caption-attachment-1076\" class=\"wp-caption-text\">Junio 2018. Vista de dron con el terreno del proyecto a la derecha.<\/p><\/div>\n","protected":false},"excerpt":{"rendered":"<p>En 2006 consegu\u00ed un precioso trozo de tierra de 1,2 hect\u00e1rea en los Pirineos Espa\u00f1oles \u00a0y desde entonces he mantenido y desarrollado este lugar, haciendo un hogar sostenible para m\u00ed mismo y para centenares de plantas y miles de animales. En diferentes fases constru\u00ed mi propia casa con balas de paja y arcilla, instal\u00e9 unos [&hellip;]<\/p>\n","protected":false},"author":1,"featured_media":0,"parent":0,"menu_order":0,"comment_status":"closed","ping_status":"closed","template":"","meta":{"ngg_post_thumbnail":0},"_links":{"self":[{"href":"https:\/\/www.stammer.nl\/wordpress\/wp-json\/wp\/v2\/pages\/635"}],"collection":[{"href":"https:\/\/www.stammer.nl\/wordpress\/wp-json\/wp\/v2\/pages"}],"about":[{"href":"https:\/\/www.stammer.nl\/wordpress\/wp-json\/wp\/v2\/types\/page"}],"author":[{"embeddable":true,"href":"https:\/\/www.stammer.nl\/wordpress\/wp-json\/wp\/v2\/users\/1"}],"replies":[{"embeddable":true,"href":"https:\/\/www.stammer.nl\/wordpress\/wp-json\/wp\/v2\/comments?post=635"}],"version-history":[{"count":6,"href":"https:\/\/www.stammer.nl\/wordpress\/wp-json\/wp\/v2\/pages\/635\/revisions"}],"predecessor-version":[{"id":1083,"href":"https:\/\/www.stammer.nl\/wordpress\/wp-json\/wp\/v2\/pages\/635\/revisions\/1083"}],"wp:attachment":[{"href":"https:\/\/www.stammer.nl\/wordpress\/wp-json\/wp\/v2\/media?parent=635"}],"curies":[{"name":"wp","href":"https:\/\/api.w.org\/{rel}","templated":true}]}}

<div id="attachment_561" style="width: 510px" class="wp-caption alignleft"><a href="http://www.stammer.nl/wordpress/wp-content/uploads/2018/07/210_1052_caravan-in-Pyrenees_es.jpg" data-rel="lightbox-gallery-s7qKgnsz" data-magnific_type="image" data-rl_title="En los primeros años vivimos en esta caravana. Monte Perdido (3355m) al fondo. 9 de diciembre, 2012." data-rl_caption="" title="En los primeros años vivimos en esta caravana. Monte Perdido (3355m) al fondo. 9 de diciembre, 2012."><img aria-describedby="caption-attachment-561" decoding="async" loading="lazy" class=" wp-image-561" src="http://www.stammer.nl/wordpress/wp-content/uploads/2018/07/210_1052_caravan-in-Pyrenees_es-300x159.jpg" alt="" width="500" height="265" srcset="https://www.stammer.nl/wordpress/wp-content/uploads/2018/07/210_1052_caravan-in-Pyrenees_es-300x159.jpg 300w, https://www.stammer.nl/wordpress/wp-content/uploads/2018/07/210_1052_caravan-in-Pyrenees_es-768x408.jpg 768w, https://www.stammer.nl/wordpress/wp-content/uploads/2018/07/210_1052_caravan-in-Pyrenees_es-1024x544.jpg 1024w, https://www.stammer.nl/wordpress/wp-content/uploads/2018/07/210_1052_caravan-in-Pyrenees_es.jpg 1176w" sizes="(max-width: 500px) 100vw, 500px" /></a><p id="caption-attachment-561" class="wp-caption-text">En los primeros años vivimos en esta caravana. Monte Perdido (3355m) al fondo. 9 de diciembre, 2012</p></div>
<p>En 2006 conseguí un precioso trozo de tierra de 1,2 hectárea en los Pirineos Españoles  y desde entonces he mantenido y desarrollado este lugar, haciendo un hogar sostenible para mí mismo y para centenares de plantas y miles de animales. En diferentes fases construí mi propia casa con balas de paja y arcilla, instalé unos estanques para la filtración de aguas grises y monté un invernadero solar y un aseo de compost. El mantenimiento del terreno consiste principalmente de segar la vegetación de los prados con una guadaña y podar o eliminar el crecimiento excesivo de árboles y arbustos.</p>
<div id="attachment_1081" style="width: 310px" class="wp-caption alignright"><a href="http://www.stammer.nl/wordpress/wp-content/uploads/2019/12/1100_0790_ebro-als-slim-object1.jpg" data-rel="lightbox-gallery-s7qKgnsz" data-magnific_type="image" data-rl_title="Este estanque se instaló en el centro de la zona en 2007. Noviembre 2012" data-rl_caption="" title="Este estanque se instaló en el centro de la zona en 2007. Noviembre 2012"><img aria-describedby="caption-attachment-1081" decoding="async" loading="lazy" class="size-medium wp-image-1081" src="http://www.stammer.nl/wordpress/wp-content/uploads/2019/12/1100_0790_ebro-als-slim-object1-300x200.jpg" alt="" width="300" height="200" srcset="https://www.stammer.nl/wordpress/wp-content/uploads/2019/12/1100_0790_ebro-als-slim-object1-300x200.jpg 300w, https://www.stammer.nl/wordpress/wp-content/uploads/2019/12/1100_0790_ebro-als-slim-object1-768x512.jpg 768w, https://www.stammer.nl/wordpress/wp-content/uploads/2019/12/1100_0790_ebro-als-slim-object1.jpg 944w" sizes="(max-width: 300px) 100vw, 300px" /></a><p id="caption-attachment-1081" class="wp-caption-text">Este estanque se instaló en el centro de la zona en 2007. Noviembre 2012</p></div>
<p>Después de más de 10 años los resultados son positivos y en algunos aspectos espectaculares. Resulta posible vivir una vida simple, de low-cost, sostenible y confortable y a la vez estimular y enriquecer la flora y la fauna en el terreno.</p>
<p>Este blog es un intento de dar un impresión de este proceso después de una experiencia de más de una década. El blog anterior, que todavía se puede visitar aquí, estaba más enfocado en los acontecimientos de cada día mientras aquí el enfoque será más en unos temas más específicos y su desarrollo a lo largo de los años.</p>
<p>Mi propio desarrollo empezó hace más de un medio siglo en Holanda donde nací en un pequeño pueblo cerca de Amsterdam. Como estudiante de agricultura vine a España en los años 80 y desde entonces, encantado por el país y su gente, me he quedado aquí, primero en la ciudad de Zaragoza para luego moverme definitivamente a la montaña alrededor de 2012.  Aparte de mi interés por la ecología y la sostenibilidad me gusta mucho la <a href="http://www.stammer.nl/stammer_photo_galleries.html">fotografía</a> y <a href="http://www.stammer.nl/stammer_music_cds.html">tocar</a> mis sintetizadores.</p>
<p>Andreas.</p>
<div id="attachment_1076" style="width: 310px" class="wp-caption alignleft"><a href="http://www.stammer.nl/wordpress/wp-content/uploads/2019/12/dji_0021.jpg" data-rel="lightbox-gallery-s7qKgnsz" data-magnific_type="image" data-rl_title="Junio 2018. Vista de dron con el terreno del proyecto a la derecha." data-rl_caption="" title="Junio 2018. Vista de dron con el terreno del proyecto a la derecha."><img aria-describedby="caption-attachment-1076" decoding="async" loading="lazy" class="wp-image-1076 size-medium" src="http://www.stammer.nl/wordpress/wp-content/uploads/2019/12/dji_0021-300x212.jpg" alt="" width="300" height="212" srcset="https://www.stammer.nl/wordpress/wp-content/uploads/2019/12/dji_0021-300x212.jpg 300w, https://www.stammer.nl/wordpress/wp-content/uploads/2019/12/dji_0021-768x542.jpg 768w, https://www.stammer.nl/wordpress/wp-content/uploads/2019/12/dji_0021.jpg 884w" sizes="(max-width: 300px) 100vw, 300px" /></a><p id="caption-attachment-1076" class="wp-caption-text">Junio 2018. Vista de dron con el terreno del proyecto a la derecha.</p></div>

<p>En 2006 conseguí un precioso trozo de tierra de 1,2 hectárea en los Pirineos Españoles  y desde entonces he mantenido y desarrollado este lugar, haciendo un hogar sostenible para mí mismo y para centenares de plantas y miles de animales. En diferentes fases construí mi propia casa con balas de paja y arcilla, instalé unos [&hellip;]</p>
